6*f - 57. Give l(-8).
-105
Let o(b) = 88*b + 732. Determine o(-8).
28
Let y(f) = 1256*f + 10048. Determine y(-8).
0
Let u(f) = 333*f - 13307. Calculate u(40).
13
Let n(x) = -2*x**3 + 43*x**2 - 12*x - 106. Give n(21).
83
Let k(o) = 309*o - 494. Determine k(2).
124
Let u(y) = 6*y**2 + 2035*y - 7892. Calculate u(-343).
-3
Let v(q) = -q**3 - 3*q**2 - 15*q + 89. What is v(5)?
-186
Let r(p) = -6*p**2 - 79*p + 291. Give r(3).
0
Let p(g) = 104*g**2 - 203*g - 5. What is p(2)?
5
Let c(a) = -a**3 + 28*a**2 - 85*a + 236. Give c(25).
-14
Let k(g) = 3*g**3 + 36*g**2 - 7*g - 93. Determine k(-12).
-9
Let u(g) = g**3 - 2*g**2 - 128*g + 82. Determine u(12).
-14
Let o(v) = 3*v**2 + 17*v - 393. What is o(9)?
3
Let h(d) = -2*d**3 - 25*d**2 + 13*d + 36. Determine h(-13).
36
Let h(q) = -872*q - 7840. What is h(-9)?
8
Let a(b) = -b**3 - 6*b**2 - 9*b - 6. Calculate a(-2).
-4
Let p(o) = -581*o**3 - 4*o**2 + 6*o + 5. Calculate p(-1).
576
Let l(o) = -o**2 - 36*o - 305. Determine l(-13).
-6
Let w(o) = 147*o - 2305. Give w(15).
-100
Let y(t) = 3*t**2 + 520*t - 522. Give y(1).
1
Let s(y) = -y**2 - 31*y - 151. Give s(-24).
17
Let v(b) = b**3 - 51*b**2 + 31*b - 1622. Determine v(51).
-41
Let s(m) = -m**3 + 66*m**2 - 62*m - 186. What is s(65)?
9
Let a(c) = c**2 + 13*c + 72. Determine a(-12).
60
Let n(c) = c**3 + 21*c**2 - 17*c + 77. Give n(-20).
817
Let j(c) = c**2 - 25*c - 8. What is j(22)?
-74
Let t(x) = -2713*x + 40692. Calculate t(15).
-3
Let v(s) = -2*s**3 + 341*s**2 + 4965*s + 535. Determine v(184).
-17
Let c(i) = -67*i + 6425. What is c(96)?
-7
Let r(u) = -9*u + 256. Determine r(31).
-23
Let l(v) = -v**2 - 13*v - 44. What is l(-5)?
-4
Let n(a) = a**3 + 12*a**2 - 20*a + 58. What is n(-14)?
-54
Let r(f) = 2*f**2 - 65*f - 24455. Determine r(128).
-7
Let i(n) = -n**3 + n**2 - 5*n + 84. Calculate i(0).
84
Let z(k) = 1247*k + 2467. Give z(-2).
-27
Let y(u) = -u**3 + 84*u**2 + 2*u - 227. Determine y(84).
-59
Let o(g) = 2*g**2 - 43*g + 85. Calculate o(19).
-10
Let t(h) = 25*h + 625. Determine t(-25).
0
Let c(f) = 123*f - 2689. Determine c(22).
17
Let s(l) = -l**2 + 3*l + 83. Determine s(11).
-5
Let b(g) = -g**2 + 12*g + 4. Give b(16).
-60
Let z(u) = -3*u**2 - 464*u - 4581. Determine z(-144).
27
Let o(b) = 7*b - 1307. What is o(188)?
9
Let u(b) = -21*b - 139. Calculate u(-6).
-13
Let s(a) = 2*a**3 + 3*a**2 + 100*a + 205. Determine s(-2).
1
Let o(u) = -2*u**3 - 85*u**2 + 42*u - 160. What is o(-43)?
-117
Let h(o) = -10*o + 355. Give h(35).
5
Let t(i) = -18*i - 16. Determine t(0).
-16
Let o(w) = -10*w**2 - 168*w - 590. Calculate o(-5).
0
Let h(b) = 5*b**2 - 5*b - 26. Calculate h(0).
-26
Let o(n) = -n**3 + 30*n**2 + 59*n - 2. Calculate o(32).
-162
Let t(j) = 141*j - 1163. Give t(8).
-35
Let q(x) = -4*x**2 + 58*x - 186. What is q(6)?
18
Let h(o) = 36664*o - 256633. What is h(7)?
15
Let q(m) = -11*m + 232. Give q(16).
56
Let z(d) = -19*d - 63. Calculate z(-6).
51
Let h(t) = -2701*t - 18900. Determine h(-7).
7
Let d(n) = 4789*n + 9573. Calculate d(-2).
-5
Let j(n) = 70*n - 1195. Calculate j(17).
-5
Let z(k) = -k**3 - 13*k**2 - 20*k - 230. Give z(-10).
-330
Let u(n) = -7*n**2 - 109*n + 37. Calculate u(-16).
-11
Let p(v) = -3*v**3 - 42*v**2 + 186*v + 2613. Calculate p(-14).
9
Let t(m) = 12*m**2 - 42*m + 1. Calculate t(3).
-17
Let l(i) = i**2 - 21*i + 51. Determine l(15).
-39
Let z(w) = -w**3 + 12*w**2 + 52*w - 116. Determine z(15).
-11
Let k(n) = n**2 - 58*n + 399. Give k(50).
-1
Let s(o) = -o**3 - 754*o**2 - 7443*o - 8. Determine s(-10).
22
Let d(z) = 5*z - 63. Determine d(5).
-38
Let z(v) = 52*v**3 + 8*v**2 + 8*v + 1. Give z(-1).
-51
Let l(c) = 350*c - 1774. Determine l(5).
-24
Let c(m) = -52*m - 1857. What is c(-36)?
15
Let c(z) = -z**2 + 20*z - 99. Calculate c(7).
-8
Let y(a) = -104*a - 727. What is y(-7)?
1
Let f(n) = -59*n + 669. Determine f(12).
-39
Let s(n) = -20*n + 140. Give s(18).
-220
Let g(o) = -o**3 - 31*o**2 - 103*o + 132. Give g(-27).
-3
Let z(j) = 5*j**2 + 631*j - 480. Give z(-127).
28
Let y(j) = -2*j**2 + 23*j + 143. What is y(-5)?
-22
Let u(x) = -x**2 + x + 1. What is u(-10)?
-109
Let c(b) = 33*b**2 + 430*b + 20. Determine c(-13).
7
Let m(n) = 10*n**2 + 148*n - 50. Calculate m(-15).
-20
Let a(p) = -65*p - 524. Determine a(-11).
191
Let j(v) = v**3 + 9*v**2 + 17*v + 5. What is j(-8)?
-67
Let t(j) = -7*j**2 + 105*j - 102. Give t(14).
-4
Let z(d) = -d**2 + 39*d + 543. What is z(50)?
-7
Let p(b) = 3*b**2 - 260*b - 354. Determine p(88).
-2
Let m(x) = 20*x - 167. Determine m(21).
253
Let h(n) = -201*n + 8. What is h(0)?
8
Let i(c) = -984*c - 1980. What is i(-2)?
-12
Let p(b) = -103*b + 415. Calculate p(4).
3
Let v(q) = 12606*q + 37810. Give v(-3).
-8
Let p(q) = -262*q**2 - 5501*q + 26. Calculate p(-21).
5
Let y(h) = 168*h + 53. Calculate y(3).
557
Let a(m) = m**2 - 58*m + 1074. Determine a(47).
557
Let d(h) = h**3 + 31*h**2 - 79*h - 214. Give d(-33).
215
Let d(t) = t**3 - 18*t**2 + 3*t + 244. Give d(17).
6
Let c(v) = -v**2 - 60*v - 407. What is c(-6)?
-83
Let b(d) = -52*d - 2182. Give b(-42).
2
Let b(u) = 121*u - 68. What is b(1)?
53
Let i(g) = 83*g**2 - 48*g - 20. Give i(2).
216
Let h(k) = 287*k**2 - 1722*k + 5. Determine h(6).
5
Let r(l) = l**2 - 79*l - 934. Calculate r(-11).
56
Let d(g) = g**2 + 68*g + 1050. What is d(-24)?
-6
Let x(m) = 17*m + 70. Calculate x(-5).
-15
Let c(j) = 139*j - 675. Give c(5).
20
Let p(i) = 7*i**2 + 11*i - 15. Calculate p(2).
35
Let c(o) = 2*o**3 + 14*o**2 - 6*o + 27. Determine c(-7).
69
Let o(i) = -i**3 + 52*i**2 - 193*i - 7. Calculate o(4).
-11
Let x(g) = 27*g - 1522. Give x(60).
98
Let f(c) = 59*c + 3133. Give f(-53).
6
Let m(b) = 198*b + 141. Calculate m(-2).
-255
Let v(w) = 95*w**2 - 6746*w + 28. Calculate v(71).
-43
Let o(l) = 2*l**2 - 239*l + 1195. Give o(114).
-59
Let q(l) = -12*l - 81. Give q(-16).
111
Let g(p) = -p**3 + 56*p**2 + 1919*p - 23. Calculate g(-24).
1
Let n(r) = r**3 - 106*r**2 - 555*r - 4. What is n(111)?
-4
Let g(k) = -3*k**3 - 24*k**2 - 45*k. Determine g(-5).
0
Let i(a) = 10*a**2 - 50*a + 51. Calculate i(2).
-9
Let y(v) = v**2 - v - 68. What is y(7)?
-26
Let f(g) = -2*g**2 + 33*g - 47. Determine f(15).
-2
Let d(p) = -275*p**2 - 4*p - 3. Calculate d(-1).
-274
Let f(v) = 2*v**3 - 24*v**2 - 1080*v + 21. Give f(30).
21
Let q(w) = w**2 + 59*w + 780. Determine q(-38).
-18
Let b(d) = 34*d**2 - 311*d + 59. Give b(9).
14
Let l(x) = -54*x**3 - 4*x + 3. What is l(1)?
-55
Let n(v) = -v**2 - 6*v + 2398. Determine n(46).
6
Let s(t) = -t**2 - 43*t - 361. Determine s(-8).
-81
Let r(w) = -63*w + 5734. Calculate r(91).
1
Let x(s) = -2*s**2 - 37*s + 78. Calculate x(-18).
96
Let c(n) = n**2 - 83*n - 538. Give c(-6).
-4
Let d(g) = -2*g**2 + 58*g - 421. Determine d(9).
-61
Let t(h) = h**3 + 20*h**2 - 193*h + 12. What is t(7)?
-16
Let g(u) = -1108*u + 2219. Determine g(2).
3
Let u(p) = 24*p + 118. Calculate u(-5).
-2
Let y(i) = 412*i + 894. Give y(-2).
70
Let i(q) = q**3 + 14*q**2 + 13*q + 182. What is i(-14)?
0
Let y(p) = 165*p + 30. What is y(-2)?
-300
Let q(a) = 2*a - 257. Determine q(20).
-217
Let q(f) = -21*f**2 + 1514*f - 155. Calculate q(72).
-11
Let g(i) = i**2 - 21*i - 36. Give g(9).
-144
Let c(j) = -5*j**2 + 13*j + 68. What is c(12)?
-496
Let j(n) = 40*n - 2853. Determine j(70).
-53
Let z(x) = -1131*x + 6792. Determine z(6).
6
Let p(u) = -8*u**2 - 61*u - 42. What is p(-5)?
63
Let i(f) = -28*f - 265. What is i(-7)?
-69
Let f(n) = 14*n + 279. Determine f(-16).
55
Let j(p) = -10*p**2 + 750*p + 12. What is j(75)?
12
Let v(u) = 23*u - 1656. What is v(73)?
23
Let b(r) = -20*r**2 + 19*r + 50. Give b(3).
-73
Let m(j) = -43*j - 415. Calculate m(-9).
-28
Let i(r) = -37*r**2 - 63*r - 62. Give i(-1).
-36
Let x(y) = 2*y**3 + y**2 - 72*y - 37. Determine x(6).
-1
Let b(n) = -n**2 - 68*n - 309. Determine b(-55).
406
Let l(d) = 110*d + 879. Determine l(-7).
109
Let d(n) = 177*n + 14850. Calculate d(-84).
-18
Let l(m) = -200*m - 188. Give l(-1).
12
Let m(g) = g**3 - 22*g**2 + 125*g - 211. Give m(14).
-29
Let y(h) = h**3 + 18*h**2 + 45*h - 8. Determine y(-15).
-8
Let k(f) = f**3 - 12*f**2 - 12*f - 44. Calculate k(13).
-31
Let t(r) = 7*r**2 - 67*r + 138. Determine t(9).
102
Let n(j) = -j**3 - 3*j**2 + 10*j - 5. Give n(-5).
-5
Let u(h) = -h**2 - 9*h + 65. What is u(-14)?
-5
Let s(f) = -f**3 + f**2 + 37*f - 37. Determine s(6).
5
Let w(a) = a**3 + 3*a*